5)?
1
Let c(u) = u**3 - 14*u**2 + 17*u - 17. Let q be 6/45 + 193/15. What is the units digit of c(q)?
5
Let l be 2/(((-1)/(-2))/(-1)). Let x = l + 9. Let z(h) = h**2 - 2*h. What is the tens digit of z(x)?
1
Let v be 374/(-14) - ((-10)/14 + 1). Let d be (-224)/(-6) + (-2)/(-3). Let z = v + d. What is the units digit of z?
1
Suppose 4*f = -4 - 4, 5*p - 11 = -2*f. Suppose -3*g + 5 = 2*w, -p*g - 14 = -5*w + 9. Suppose -2*z = 0, w*h - 3*z = -3 + 19. What is the units digit of h?
4
Suppose 2*w = 4*h + 42 - 4, 2*h + 77 = 3*w. What is the tens digit of w?
2
Suppose -8 - 37 = 5*z. Let m = z - -27. What is the tens digit of m?
1
Let x = -21 - -41. Suppose -f + 5*f = -x. What is the units digit of (-4)/f*1*10?
8
Suppose 0 = -3*g - 2*b + 295, -3*g = 4*b - 6*b - 299. What is the tens digit of g?
9
Suppose -76 = -3*p - p. Suppose 60 = -3*l + 8*l. Let a = p - l. What is the units digit of a?
7
Let k(h) = -h**3 - h - 4. Let f be k(-3). Suppose 3*t - 19 - f = 3*d, -t + 15 = -5*d. What is the tens digit of t?
1
Let g = -46 - -165. What is the tens digit of g?
1
Let h(u) be the third derivative of u**6/120 - 2*u**5/15 + u**4/24 - u**3/3 - 2*u**2. Let s = 12 - 4. What is the units digit of h(s)?
6
Let k be ((-49)/14)/((-1)/2). Suppose k = -2*d + 29. What is the units digit of d?
1
Let n = 17 + 3. What is the units digit of n?
0
Suppose 7*k - 3*k = 4*m - 584, -3*m - 3*k = -414. What is the units digit of m?
2
Let h be ((-3)/9)/(2/(-12)). Suppose -k + 3*k = -5*v + 19, h*k - 12 = 2*v. What is the units digit of k?
7
Let b be (-15)/(-3*1) + 2. Let a(p) = 5 + 2*p + b - p. What is the units digit of a(0)?
2
Suppose -4*k = -0*u - 4*u - 12, 5*u + 3 = 2*k. Suppose h = k*h. Suppose -v + h*v + 4 = 0, 2*b + 4 = 4*v. What is the units digit of b?
6
Suppose -35 = -q - 3. What is the tens digit of q?
3
Let w(i) = -i**2 - i + 1. Let y be w(-3). Let p = y + 10. What is the units digit of p?
5
Suppose 4*c - 51 = 5*f, -3 = f - 0. Let u(a) = -a**3 + 8*a**2 + 12*a - 7. What is the units digit of u(c)?
0
Let w(n) = 2*n**2 + 27*n + 4. What is the tens digit of w(-16)?
8
Let w(v) = 2*v**3 - 4*v**3 + 7 + 4*v**2 + 3*v**3 - 5*v. Let z be w(-5). Let f = 14 - z. What is the units digit of f?
7
Let d(v) = -7*v - 3. What is the tens digit of d(-3)?
1
What is the tens digit of (0 + 23/3)/((-19)/(-285))?
1
What is the units digit of 1 - (-22)/(-18) - (-34380)/162?
2
Suppose 0*c + 3*c = 780. What is the units digit of c?
0
What is the units digit of ((-7)/(-5) - -1)*(-4 + 34)?
2
Let t = 36 + -19. What is the tens digit of t?
1
Let z(p) = 1. Let f(n) = -n - 10. Let y(m) = -2*f(m) - 22*z(m). Let o be y(2). What is the units digit of 0 + (-1)/(o/(-16))?
8
Suppose 0 = 3*w - 6*w + 39. Let u = w + 2. Suppose u = 5*p - 20. What is the units digit of p?
7
Let s(y) be the second derivative of y**4/12 + y**3/6 - y**2 - 4*y. What is the units digit of s(2)?
4
Let u(a) = 5*a. Let v be u(1). Suppose -v*o = 3*m - m - 11, 2*o - 4 = -m. What is the units digit of -2 + (0 - -7) + m?
3
Let b(d) = 4*d - 3. Let o be b(2). Let a be (-1 - o)*15/(-2). Suppose 0 = 2*g + g - a. What is the units digit of g?
5
Suppose 2*l + 82 = 2*v, -l + 40 = v + 1. What is the tens digit of v?
4
Suppose t + 5*h - 6 = 3, 3*h = 2*t + 21. Let p = t - -21. What is the units digit of p?
5
Let u(j) = -7*j. Let k be u(-2). What is the tens digit of 164/k - (-6)/21?
1
Let j be (-6)/21 - (-153)/21. Let t(m) = -m + j*m**2 - m**3 + 0*m - 5 - 3*m. What is the units digit of t(6)?
7
Let h(g) = g + 1. Let r be h(4). Suppose r*s = -9 + 49. What is the units digit of s?
8
Suppose 0 = 2*l - 4*z + 12, -l - 6 = -z + 1. Suppose 47 = -6*y + 3*y - 2*p, -5*y = -p + 74. Let m = l - y. What is the units digit of m?
7
Let x(z) = 2*z + 17. Let u = -17 - -9. What is the units digit of x(u)?
1
Let q = -220 - -559. What is the hundreds digit of q?
3
Let r = 28 + -6. Suppose g = v + 2*v - 6, -g + r = 4*v. What is the units digit of g?
6
What is the units digit of (-20)/6*(78/(-12) + 5)?
5
Suppose 4*m - 18 = -2*f, -2*f = -5 - 1. Let w(b) = -2*b - b - b**2 - 3*b - m*b - 9. What is the units digit of w(-7)?
5
Let k be (-16)/(-40) - 37/5. Let m(i) = -2 - 6*i + 5*i + 0*i. What is the units digit of m(k)?
5
Let d(w) = 22*w + 3. Let k(z) = -21*z - 2. Let s(l) = 3*d(l) + 4*k(l). What is the units digit of s(-1)?
9
Suppose 3*g - 6 - 36 = 0. Suppose 65 = -9*y + g*y. What is the units digit of y?
3
Let s = 45 - 24. Suppose -5*z - 2 + 35 = 4*r, -2*r + 5*z - s = 0. Suppose -2*p - 2*p = 2*b - 34, -3*b + r*p = -43. What is the tens digit of b?
1
Let q = 2 + -3. Let n be (-1 - q)/(3 - 5). Suppose n = -4*r - 4*f + 36, 4*r + 5*f = 2*r + 9. What is the tens digit of r?
1
Suppose -5*k - 7*z = -2*z - 55, -2*k + 26 = z. What is the tens digit of k?
1
Let q = 5 + -5. Suppose 0 = -j + 4. What is the units digit of (-9 + j)/(-1 + q)?
5
Let u(l) = -l**3 - 3*l**2 + 6*l + 2. Let h be u(-4). Suppose 0 = 4*p + 47 + 1. What is the units digit of (p/9)/(4/h)?
2
Let b(k) = 4*k**3 + k**2 - k. Let v be b(1). Suppose -5*d - v*j - 200 = 0, -d - 16 - 10 = -2*j. What is the units digit of (d/(-21))/(2/14)?
2
What is the units digit of (-5)/10*22*-1?
1
Let l(v) = -v**2 + 11*v + 10. Let w be l(9). Let z = 0 + 5. Suppose -w = m - z*m. What is the units digit of m?
7
Suppose -3*k = -4*k + 4. What is the units digit of k?
4
Suppose -4*s + 320 = s. What is the units digit of s?
4
Suppose 3*r + 0*r - 12 = 0. Suppose -2*j + 3*h = -16, 4*j = -0*j - 3*h - r. Suppose 0 = -j*w + w + 5. What is the units digit of w?
5
Let g(y) = 22*y**2 + 1 - 2 - y**2. What is the tens digit of g(1)?
2
Suppose -8 = 3*t - 5*t. Suppose q - t = -2*n + 11, -4*n + 3*q + 15 = 0. What is the units digit of n?
6
Let n = 223 + -100. What is the hundreds digit of n?
1
What is the units digit of (-2)/(656/220 - 3)?
0
Suppose 0 = 4*u - 4*z - 336, 2*u + 3*z - 153 = -0*u. Suppose -5*f = 11 - u. What is the units digit of 2/1*f/4?
7
Let d be -1 - (0 + -3) - -1. Let f(l) = -l**2 + 4*l - 1. Let g be f(d). What is the units digit of (36/8)/(1/g)?
9
Let m(l) = -4*l**2 - 2*l + 5*l**2 + 2*l + 2*l + 1. What is the units digit of m(-3)?
4
Let d(m) = -m**2 + m - 1. Let h be d(2). What is the units digit of 22 - (-1)/(1/h)?
9
Suppose 6 + 3 = 3*y - 2*n, 2*y - 3*n - 6 = 0. Suppose w - 4 = -y*w. What is the units digit of w?
1
Let j = -3 + 39. What is the units digit of j?
6
Suppose -3*f + 52 = -f. Let c = f - 17. What is the units digit of c?
9
Suppose 0*r = 5*r - 70. Suppose r - 2 = 2*i. What is the units digit of i?
6
Suppose -2*f = -6 - 6. What is the tens digit of (-18)/((f/9)/(-1))?
2
Suppose 5*k = 32 + 88. Let n = 51 - k. What is the units digit of n?
7
Suppose g = 5*s - 90, -6*s + 4*s - 3*g = -36. What is the tens digit of s?
1
Let j(c) = 17*c**2 - 5*c + 7. Let p be j(8). Let i be p/30 - 1/6. Let l = i + -17. What is the units digit of l?
8
Let d = -52 - -74. Let t = -17 + d. What is the units digit of t?
5
Let s = -283 + 579. What is the units digit of s?
6
Let s be (-2)/3 + (-40)/(-6). Let o = -5 + s. What is the units digit of o?
1
What is the tens digit of ((-171)/(-6))/(2/4)?
5
Suppose 5*g - 290 = -0*g - 3*s, -3*s = 2*g - 107. What is the units digit of g?
1
Suppose -4*b + 10 + 22 = 0. Suppose -b + 0 = -m. What is the units digit of (-12)/3*(-4)/m?
2
Let d = 352 - 232. What is the hundreds digit of d?
1
Suppose 0 = b - 2*p + 6, -3*b + 22 = -0*p + 4*p. Suppose -r - 5*v + 3 = -20, -b*v - 4 = -4*r. What is the units digit of r?
3
Let r(g) = -6*g + 7. Suppose 9 = -5*v - 4*q, q = -0*q + 4. Let w(h) = h - 1. Let c(t) = v*w(t) - r(t). What is the units digit of c(4)?
2
Suppose -5*k = -5*l - 120, l + 0*k + 32 = -3*k. Let w be (-2)/(-7) + l/(-7). Suppose 7 - 59 = -w*c. What is the tens digit of c?
1
Let x(c) = -4*c + 13. Let u(z) = 6*z - 19. Let d(f) = 5*u(f) + 7*x(f). Let j = 11 - 5. What is the units digit of d(j)?
8
Let p(j) = j**3 - j**2 - 2*j. Let z = 0 - -3. What is the tens digit of p(z)?
1
Suppose 12 = 3*d + 2*x, -2*x + 7*x = -4*d + 23. Let j(u) = 7*u**2 - 1. What is the units digit of j(d)?
7
Suppose 3*k + z - 1133 = -405, -4*k - 4*z = -984. What is the units digit of k?
1
Let o(c) = c**2 + 2*c + 2. What is the tens digit of o(4)?
2
Suppose -3*f + f = 0. Suppose 3*u - 39 - 9 = f. What is the tens digit of u?
1
Let q(a) be the first derivative o